
Is 5260771 a prime number?
False
Is 963563 prime?
False
Is 808763 a composite number?
True
Is 342363863 a composite number?
True
Is 11472469 a composite number?
True
Is 209742623 a composite number?
True
Is 168175391 a composite number?
False
Is 817639 a composite number?
True
Is 3038057 a composite number?
True
Is 832270983 a prime number?
False
Is 138343013 a prime number?
True
Is 1551233 composite?
True
Is 101943487 prime?
True
Is 559264613 a composite number?
False
Is 103009411 composite?
False
Is 1473737 prime?
True
Is 87050713 a prime number?
False
Is 967819 composite?
False
Is 5777227 a composite number?
False
Is 28176163 a composite number?
True
Is 506573 composite?
False
Is 6942197 composite?
False
Is 138437837 a composite number?
True
Is 227363527 composite?
False
Is 18721271 a prime number?
True
Is 128919773 a prime number?
False
Is 54839189 a prime number?
True
Is 23217193 a composite number?
True
Is 17658583 composite?
True
Is 179293 a prime number?
False
Is 233795993 prime?
True
Is 57875257 a prime number?
False
Is 15504757 prime?
True
Is 195522313 a composite number?
True
Is 86889293 composite?
False
Is 35721143 composite?
True
Is 3413017 a prime number?
True
Is 200761 prime?
False
Is 111027451 composite?
True
Is 490994807 prime?
True
Is 7111837 a prime number?
True
Is 239043473 composite?
False
Is 442811 a prime number?
False
Is 13192841 a prime number?
True
Is 10123559 a composite number?
False
Is 9471971 a prime number?
True
Is 3411349 prime?
True
Is 17049271 composite?
False
Is 249137951 prime?
False
Is 177739223 a composite number?
True
Is 35785045 prime?
False
Is 657972977 composite?
False
Is 25775683 a composite number?
False
Is 149797891 composite?
True
Is 103990739 a composite number?
False
Is 218543231 composite?
True
Is 208046071 a composite number?
True
Is 28332529 prime?
True
Is 48661081 a composite number?
True
Is 3616663 composite?
True
Is 1411169 a composite number?
True
Is 501691 a prime number?
True
Is 19001551 a composite number?
False
Is 383776387 composite?
False
Is 86921033 composite?
True
Is 5454751 a prime number?
True
Is 25825729 prime?
True
Is 27287713 a prime number?
True
Is 2371241 prime?
False
Is 2473117 a prime number?
False
Is 3696661 composite?
True
Is 2069905 a prime number?
False
Is 105995647 composite?
False
Is 89242579 a prime number?
True
Is 7053197 a prime number?
True
Is 635007155 prime?
False
Is 14748557 a prime number?
True
Is 374161 composite?
True
Is 8044529 a composite number?
False
Is 3667102 prime?
False
Is 147030817 prime?
True
Is 33345485 prime?
False
Is 45563863 prime?
True
Is 246906883 a composite number?
True
Is 21702011 a composite number?
True
Is 2277607 a composite number?
False
Is 3141389 composite?
False
Is 948683 composite?
True
Is 184753 composite?
False
Is 292115753 a composite number?
True
Is 6508813 prime?
True
Is 108379963 prime?
True
Is 36561799 a composite number?
False
Is 218767063 composite?
False
Is 778471 a prime number?
False
Is 391159 prime?
True
Is 197293 a prime number?
True
Is 58995301 a composite number?
False
Is 247501 prime?
True
Is 11256577 composite?
False
Is 203423 a composite number?
True
Is 126121513 a prime number?
False
Is 7095737 composite?
True
Is 7140779 a composite number?
False
Is 4507 a prime number?
True
Is 72058871 a prime number?
True
Is 73071013 a composite number?
True
Is 169127521 a prime number?
True
Is 25167491 composite?
False
Is 256459 prime?
False
Is 11317273 a prime number?
False
Is 41354189 prime?
True
Is 7965651 composite?
True
Is 1881631 composite?
False
Is 14212295 a composite number?
True
Is 3162443 composite?
False
Is 7835407 composite?
False
Is 5334751 a prime number?
True
Is 920613 a prime number?
False
Is 15153311 a prime number?
True
Is 280262581 a composite number?
False
Is 308264867 prime?
False
Is 767902097 a prime number?
True
Is 9103417 a composite number?
False
Is 247829 composite?
False
Is 8095177 prime?
True
Is 7469207 a composite number?
False
Is 16639163 a prime number?
True
Is 1455583 a prime number?
False
Is 67621907 a composite number?
False
Is 4204891 a composite number?
True
Is 30581227 prime?
False
Is 14001907 a composite number?
False
Is 725677 prime?
False
Is 12314353 composite?
False
Is 25566089 composite?
False
Is 71452553 a prime number?
False
Is 5090641 a prime number?
False
Is 49482967 composite?
False
Is 128353501 composite?
True
Is 136278434 a composite number?
True
Is 279514457 composite?
False
Is 143409509 a prime number?
True
Is 6516959 a prime number?
True
Is 66584347 a prime number?
True
Is 33726439 composite?
False
Is 73335121 composite?
False
Is 19545041 composite?
False
Is 1571807 prime?
True
Is 1579397 prime?
True
Is 7151 a prime number?
True
Is 8816919 composite?
True
Is 2217469 a composite number?
True
Is 70714643 a prime number?
False
Is 22369271 composite?
True
Is 16131653 prime?
True
Is 19272151 composite?
False
Is 645019147 prime?
True
Is 14416819 composite?
True
Is 4988479 a prime number?
False
Is 7658831 a composite number?
False
Is 5133193 a prime number?
False
Is 55503751 a composite number?
False
Is 54164191 composite?
False
Is 89765623 prime?
False
Is 25446749 a prime number?
False
Is 105532823 a composite number?
True
Is 28976261 a composite number?
False
Is 158827619 composite?
True
Is 149297 composite?
False
Is 83116741 composite?
False
Is 23190103 a composite number?
False
Is 10618393 composite?
False
Is 6013855 a prime number?
False
Is 18600823 composite?
True
Is 107169371 a prime number?
True
Is 3944309 a prime number?
True
Is 7603577 composite?
False
Is 2301913 composite?
True
Is 10053669 composite?
True
Is 35445311 a prime number?
False
Is 6824047 a composite number?
True
Is 104250659 a prime number?
False
Is 2250481 composite?
True
Is 523297 a prime number?
True
Is 350587 composite?
False
Is 3532007 prime?
True
Is 1396279 a prime number?
False
Is 1019718857 a prime number?
True
Is 7175407 a prime number?
False
Is 13052383 a prime number?
True
Is 3713993 prime?
True
Is 42734017 prime?
True
Is 4602271 composite?
True
Is 8265107 composite?
False
Is 584237 a composite number?
True
Is 340121 composite?
False
Is 26410427 a prime number?
True
Is 162066859 prime?
False
Is 9067613 a composite number?
True
Is 13517983 a prime number?
True
Is 44030645 a prime number?
False
Is 6522851 prime?
True
Is 597823 prime?
True
Is 25844869 a composite number?
True
Is 36977141 a composite number?
True
Is 2583169 composite?
False
Is 1847483 a prime number?
False
Is 546081 composite?
True
Is 5664293 a composite number?
True
Is 991681 a prime number?
False
Is 662639 a prime number?
True
Is 902359 composite?
True
Is 1202107 composite?
False
Is 1964453 composite?
True
Is 29977942 composite?
True
Is 5650993 a prime number?
True
Is 5671466 composite?
True
Is 5310993 a composite number?
True
Is 467867 prime?
True
Is 8962861 a prime number?
True
Is 42061933 a prime number?
False
Is 2116643 a prime number?
False
Is 17468897 a prime number?
False
Is 31055357 prime?
False
Is 13198013 composite?
True
Is 154844617 prime?
True
Is 1821983 prime?
False
Is 5726179 prime?
True
Is 6543767 prime?
True
Is 9937101 composite?
True
Is 19677511 composite?
True
Is 15993499 a prime number?
True
Is 11930333 a prime number?
True
Is 6511649 composite?
False
Is 86212589 a prime number?
False
Is 842900969 a prime number?
True
Is 4470611 prime?
False
Is 2192179 a prime number?
False
Is 177414113 composite?
True
Is 40343 a prime number?
True
Is 165883313 a prime number?
True
Is 105262061 prime?
True
Is 866717 a composite number?
False
Is 23239439 a prime number?
True
Is 8988191 prime?
True
Is 105317263 composite?
True
Is 80565167 prime?
False
Is 171253721 a composite number?
False
Is 108232177 composite?
False
Is 4029539 composite?
True
Is 10394959 composite?
True
Is 154661 a composite number?
True
Is 146012527 composite?
False
Is 3074369 prime?
True
Is 25253363 a composite number?
True
Is 71366039 a composite number?
False
Is 53516131 composite?
False
Is 148943735 a prime number?
False
Is 107506871 composite?
True
Is 17011367 a composite number?
True
Is 257821 prime?
False
Is 1958137 prime?
True
Is 3194923 composite?
False
Is 4898821 prime?
True
Is 2337127 a prime number?
False
Is 33381169 a prime number?
True
Is 23